ate the remainder when 97 is divided by 2*(-8)/80 - (-632)/10.
34
Let v(u) = u**3 + 44*u**2 + 43*u + 23. Let s(b) = 12*b + 7. What is the remainder when s(5) is divided by v(-43)?
21
Let o = -117 - -64. Let i = o - -87. Calculate the remainder when 100 is divided by i.
32
Let x(r) be the first derivative of r**2/2 + 38*r + 6. Calculate the remainder when x(5) is divided by 23.
20
Let j = -39 - -40. Suppose 3*o - j = 53. What is the remainder when 87 is divided by o?
15
Let v(q) = -q**2 - 13*q + 11. Let y(s) = -s**3 + 12*s**2 - 21*s + 22. What is the remainder when v(-9) is divided by y(10)?
11
Suppose 3*j - 11 = -2*u, -3*j = -u + 7 + 21. Let z(i) = i**3 + 2*i**2 - 2*i + 1. Let d be z(-3). What is the remainder when (d/2)/((-5)/190) is divided by u?
12
Suppose -3*m + 101 = 11. Calculate the remainder when 117 is divided by m.
27
Suppose -2*r - 20 = -4*s + 508, 2*r + 129 = s. What is the remainder when s is divided by 27?
25
Suppose -5*g = -66 - 154. What is the remainder when g is divided by 24?
20
Let b(x) = x**3 + 2*x**2 - 3*x + 1. Calculate the remainder when 1 is divided by b(-3).
0
Let u = 355 + -329. What is the remainder when u is divided by 4?
2
Suppose -4*p + 24 = 2*l, 5*p + 87 = 4*l - 0*p. Calculate the remainder when 104 is divided by l.
14
Suppose 5*r + 4*y + 8 = 2*r, 4*r + 3*y + 6 = 0. Suppose 4*o - 5*v - 129 = -r*v, -o - 2*v + 16 = 0. What is the remainder when 99 is divided by o?
21
Let n(z) = 3*z**2. Let h be n(1). Let o be (-2 + 1)*(-51)/h. Suppose o = q - 19. Calculate the remainder when q is divided by 13.
10
Let l = 152 - 74. Let b = l - 41. What is the remainder when 147 is divided by b?
36
What is the remainder when 511 is divided by ((-4429)/172)/((-1)/4)?
99
Suppose -8*n - 6 = -6*n. What is the remainder when (n - (-3 + 2))/((-26)/1313) is divided by 18?
11
What is the remainder when 60 is divided by (-50)/((-6)/18*6)?
10
Suppose -753 - 152 = 5*x. Let d = 312 + x. What is the remainder when d is divided by 33?
32
Suppose 2*c - 204 = -4*z, 153*z = 151*z + 4*c + 112. Calculate the remainder when 115 is divided by z.
11
Let s = -22 - -8. Let j(a) = -a - 7. What is the remainder when (-4 + (-50)/8)*-4 is divided by j(s)?
6
Let i = -215 + 218. Calculate the remainder when 3/((-27)/2) + 130/18 is divided by i.
1
Suppose 8*h - 83*h = -38325. Calculate the remainder when h is divided by 64.
63
Suppose 18*h = 21*h. Suppose b + 3*g - 2 = h, b - 46 = -2*b - g. Calculate the remainder when (7 - 3)/((-2)/(-32)) is divided by b.
13
Suppose 664*x - 668*x + 216 = 0. Let i(u) = -u**2 + 6*u + 7. Calculate the remainder when x is divided by i(6).
5
Suppose -3*x - 34 = -136. Let g = -27 - -27. Suppose -3*h - 4 = 3*v - 46, -3*v + 4*h + 7 = g. What is the remainder when x is divided by v?
7
Let u(h) be the third derivative of 0 + 1/6*h**4 + 11*h**2 + 0*h + 7/3*h**3. What is the remainder when u(7) is divided by 9?
6
Let k = 43 - 47. Calculate the remainder when (-105)/(-2) + 2/k is divided by 52/3 - 2/(-3).
16
Suppose -27*g - 32 + 410 = 0. Calculate the remainder when 67 is divided by g.
11
Let z = 72 + -70. Suppose z*k = -23 + 69. Calculate the remainder when 66 is divided by k.
20
Let p(n) = -n + 6. Let o = 433 + -412. Calculate the remainder when o is divided by p(0).
3
Let x(o) = 2*o**2 - 6*o - 2. Suppose 5 = 2*c - c. What is the remainder when x(c) is divided by (-26)/(-6) + 6/9?
3
Let x(t) = -29*t**3 - 2*t**2 - t + 2. What is the remainder when 81 is divided by x(-1)?
21
Suppose -4*j + 11 = -45. Let y = 60 - j. Calculate the remainder when y is divided by 12.
10
Suppose 3*o = -3, -3*j + 2*o = -102 + 25. Let x = 25 - j. Let a(v) = v**3 - v**2 - 2*v + 89. What is the remainder when a(x) is divided by 18?
17
Let k = -2431 - -2472. Suppose 0 = -2*x - 40 + 358. What is the remainder when x is divided by k?
36
Let t be -1*1/(-2)*-22. Let n = t + 24. Let c = 31 + 4. What is the remainder when c is divided by n?
9
Suppose -141*p + 2784 = -117*p. Calculate the remainder when 1042 is divided by p.
114
Suppose 171 = 8*g + 43. Calculate the remainder when 782 is divided by g.
14
Calculate the remainder when 293 is divided by (-6)/3 - (15 + -76).
57
Let f be -4 + (-5 - 12/(-1)). Suppose 5*y + 100 = -0*o + 5*o, f*y + 80 = 4*o. Calculate the remainder when 74 is divided by o.
14
What is the remainder when 4 is divided by (-10)/200*-44 - 3/15?
0
Let i = 37 + -12. Let n = 14 - i. Let g = -9 - n. Calculate the remainder when g is divided by 1.
0
Let q(x) = x**2 + 3*x - 6. Let j be q(-5). Suppose -j*u - 4*t = -156, 2*t + t + 35 = u. What is the remainder when u is divided by 13?
12
Suppose 0*r - 5*i - 34 = -3*r, 0 = -r - 2*i + 4. Suppose -2*d + 4 = -r. What is the remainder when -1 + 10 + (-4)/(-2) is divided by d?
5
What is the remainder when ((-10)/3)/((-704)/(-120) - 6) is divided by 9?
7
Let u(y) = 6*y**2 + y. Let k be u(-4). Suppose 3*z = -3*o - 0*z + 66, -5*o + z + k = 0. What is the remainder when o is divided by 10?
9
Let o be 4 - 4/(12/9). Let z = o + -9. Calculate the remainder when 13 is divided by 5/((-10)/z) - -1.
3
Let g = -40 - -43. Suppose 0 = g*c + 5*d - 61 - 2, -3*c + 57 = 3*d. What is the remainder when 125 is divided by c?
13
Let x = -18 + 40. Let z = 52 - x. Suppose 2*g - z = m + 5, -g = 4*m - 40. Calculate the remainder when 38 is divided by g.
18
Suppose 0*t + 8 = 4*t. Let r(n) = -8*n**2 + 4*n - 2. Let a be r(t). Let g = 43 + a. What is the remainder when 66 is divided by g?
15
Let t = -1791 - -1898. Calculate the remainder when 115 is divided by t.
8
Calculate the remainder when (3258/(-36))/((-2*2)/8) is divided by 13.
12
Let l(b) be the second derivative of b**3 + 13*b**2/2 + 2*b. Let p = -663 + 667. What is the remainder when 145 is divided by l(p)?
34
Suppose 4*v - 15 = v. Suppose -v*o + 41 + 19 = 0. What is the remainder when 29 is divided by o?
5
Let p(o) = -o - 9. Let x be p(7). Let d = x + 20. Calculate the remainder when 10 is divided by d.
2
Suppose -t = -2*y - 31, 3*t + 4*y - 9*y = 88. Let x be 32/5 + 2/(-5). Suppose x*o = t + 57. What is the remainder when 37 is divided by o?
11
Suppose 0*q + 158 = q. What is the remainder when q is divided by 1 - (-5)/(5/39)?
38
Suppose 73 = 6*k + 13. Let u(x) = -x**2 + 7*x + 5. Calculate the remainder when u(4) is divided by k.
7
Suppose -468 = -68*y + 59*y. Calculate the remainder when 311 is divided by y.
51
Let r = 10 + -6. Suppose 2*t - w - 91 = -t, 0 = r*t - 5*w - 103. Calculate the remainder when t is divided by 11.
10
Suppose -4*z + 243 = 5*y, -z - 194 = -4*y + 13. Calculate the remainder when y is divided by 11.
7
Let a = 38 - 29. Suppose a = v - 22. What is the remainder when v is divided by 8?
7
Let i = 2 - 2. Let q(z) = 2*z + 32. Calculate the remainder when i - 2*202/(-4) is divided by q(-3).
23
Let r(w) = 2*w**2 + 23*w - 16. What is the remainder when 53 is divided by r(-13)?
7
Let m(w) = 10*w**3 + w**2 + 12*w - 19. What is the remainder when 336 is divided by m(2)?
69
Suppose 0 = -5*v - 5*w + 15, 0*w = 5*w. Suppose -43 = -l + 5*b, 0 = v*l - 2*b + 3*b - 49. What is the remainder when 31 is divided by l?
13
Let m = -566 + 757. Calculate the remainder when m is divided by 69.
53
Let o(v) = 5*v + 6. Let q be o(-6). Suppose -3*h + 9*b - 7*b = 105, 2*h + 70 = -3*b. Let m = q - h. What is the remainder when m is divided by 3?
2
Calculate the remainder when 7/(21/(-18)) + 225 is divided by 44.
43
Suppose 0 = -126*u + 125*u - 99. Let b = 162 + u. What is the remainder when b is divided by 13?
11
Let k = 17 - 29. Let p be 1/2 + 6/k. Suppose -2*m = 4*x, p = -3*m - 5*x + 6 - 1. What is the remainder when 39 is divided by m?
9
Suppose 0 = -2*x + 41 + 49. Suppose -r + 154 = -5*y + 2*r, -4*y - 3*r = 107. Let s = y + 53. Calculate the remainder when x is divided by s.
21
Suppose 0 = -2*l + 65 + 5. Let n be 7/(7/3) - 1. Suppose -f + q + 12 = -2*q, -n*f + 24 = -5*q. Calculate the remainder when l is divided by f.
11
Suppose -10*c - 3 = -13*c. What is the remainder when (1/3)/c + 2464/96 is divided by 19?
7
Let z = -13 - -83. Suppose -6*k + z = k. Calculate the remainder when 16 is divided by k.
6
Let i(z) = -19*z - 3. Let n(o) = -o**2 + 3*o + 2. What is the remainder when i(-2) is divided by n(2)?
3
Let b(f) = -f + 2. Let j be b(-6). Suppose 0 = -4*m + 3*s - j*s + 232, m - 5*s = 33. 